.
50
What is the highest common factor of 1924216 and 140?
28
Calculate the highest common factor of 2114942 and 13.
1
Calculate the greatest common divisor of 316722 and 195.
3
What is the highest common factor of 5444010 and 27621?
891
What is the greatest common divisor of 4434 and 81051303?
2217
What is the highest common divisor of 261681381 and 27?
27
What is the highest common divisor of 16186632 and 16492?
532
What is the highest common factor of 4189278 and 1414?
202
What is the highest common factor of 1920408 and 696?
24
What is the greatest common divisor of 14181734 and 112?
14
Calculate the greatest common divisor of 407411496 and 32.
8
What is the greatest common divisor of 86026684 and 179?
179
Calculate the greatest common factor of 14 and 127959020.
14
What is the highest common factor of 42 and 784608?
6
What is the greatest common factor of 11396 and 907536?
1036
What is the greatest common factor of 231244 and 10127?
13
What is the highest common factor of 257188 and 38420?
452
What is the highest common factor of 344752 and 133632?
464
Calculate the highest common divisor of 23643 and 643689.
333
What is the highest common divisor of 5148 and 72418788?
468
What is the greatest common divisor of 59712 and 86784?
192
What is the greatest common divisor of 63994784 and 80?
16
Calculate the highest common factor of 14993 and 4012063.
319
Calculate the highest common divisor of 57821 and 4453080.
863
Calculate the greatest common factor of 864 and 131662.
2
What is the greatest common divisor of 15 and 425995?
5
What is the greatest common divisor of 176 and 873993472?
176
Calculate the greatest common divisor of 6768 and 16295088.
2256
What is the highest common divisor of 2302769769 and 4467?
4467
Calculate the highest common factor of 1173800 and 620800.
200
What is the highest common divisor of 240 and 176569040?
80
Calculate the greatest common divisor of 1779254 and 1598.
34
What is the greatest common factor of 4756320 and 180?
180
Calculate the highest common factor of 3465 and 555088380.
1155
Calculate the greatest common divisor of 19579867 and 38529.
1427
What is the greatest common factor of 5756413 and 39?
13
What is the highest common factor of 5873432 and 4522?
646
Calculate the greatest common factor of 18806116 and 84.
28
What is the highest common factor of 117408 and 143984?
16
What is the greatest common factor of 125902 and 16238?
46
Calculate the greatest common divisor of 322 and 21030303.
161
Calculate the greatest common divisor of 3016 and 44942924.
1508
Calculate the highest common factor of 30 and 90460683.
3
Calculate the highest common divisor of 17 and 179303794.
17
What is the highest common factor of 1532508 and 432?
12
What is the greatest common factor of 5057775 and 114075?
675
Calculate the greatest common factor of 18729 and 562538001.
6243
What is the greatest common divisor of 380 and 16754390?
190
What is the greatest common divisor of 308468860 and 14131?
1087
What is the greatest common divisor of 372 and 29582122?
62
Calculate the highest common divisor of 25112 and 43860.
172
What is the greatest common factor of 215005 and 89670?
35
Calculate the highest common factor of 722249799 and 141.
141
Calculate the highest common factor of 630 and 2359448.
14
What is the highest common divisor of 430 and 21854310?
10
Calculate the greatest common factor of 396 and 1832436.
36
What is the highest common divisor of 391025 and 13875?
25
What is the highest common divisor of 53603969 and 1658?
829
What is the highest common divisor of 5951 and 4664?
11
Calculate the highest common divisor of 28702 and 206338.
226
What is the highest common factor of 14454 and 2111598?
1314
Calculate the highest common factor of 390 and 314025.
15
What is the greatest common factor of 52801525 and 21700?
5425
What is the greatest common factor of 11641552 and 1843?
97
What is the greatest common divisor of 34 and 293534?
2
What is the greatest common factor of 967457 and 1161?
43
What is the highest common divisor of 15985095 and 840?
105
What is the highest common divisor of 1130622438 and 11?
11
What is the highest common divisor of 30784912 and 58833?
2179
What is the highest common divisor of 1159407 and 279?
9
Calculate the greatest common divisor of 2990 and 11462970.
230
Calculate the highest common divisor of 53175 and 17753360.
3545
Calculate the highest common divisor of 7490160 and 90.
90
What is the greatest common factor of 36806 and 100684486?
3346
Calculate the highest common factor of 3920088 and 5568.
24
Calculate the highest common divisor of 1030062 and 11121.
33
Calculate the greatest common divisor of 69 and 353790347.
23
Calculate the highest common divisor of 1389 and 843231.
3
What is the highest common factor of 704328 and 29088?
24
What is the highest common factor of 1126460 and 1661?
151
What is the highest common divisor of 9730 and 1988395?
695
Calculate the highest common divisor of 7024 and 27024.
16
What is the highest common factor of 63 and 1205008?
7
What is the highest common factor of 831 and 927119?
277
What is the highest common factor of 87020304 and 38304?
6384
Calculate the highest common factor of 361325 and 142105.
485
Calculate the greatest common factor of 3792515 and 260.
5
Calculate the highest common divisor of 317438 and 172678.
1034
What is the greatest common divisor of 6870 and 50386870?
2290
Calculate the highest common factor of 173028119 and 15906.
2651
What is the greatest common divisor of 2480656 and 454?
454
Calculate the highest common divisor of 286296 and 95734.
302
What is the highest common factor of 1135872099 and 9?
9
Calculate the greatest common factor of 2389470 and 4485.
345
What is the highest common factor of 518912049 and 327?
327
Calculate the highest common factor of 35661024 and 20482.
1862
What is the greatest common divisor of 17906834 and 322?
46
What is the greatest common divisor of 2025774 and 882?
18
Calculate the greatest common factor of 816816 and 205392.
528
Calculate the greatest common divisor of 116623 and 3484.
13
What is the greatest common factor of 7926025 and 1724466?
2963
What is the highest common divisor of 20180934 and 432?
54
Calculate the highest common factor of 138 and 2605808.
46
What is the greatest common divisor of 945511 and 73?
1
Calculate the highest common factor of 6552 and 1552005.
819
Calculate the highest common factor of 4637 and 731250263.
4637
Calculate the greatest common divisor of 262 and 416117963.
131
What is the highest common factor of 2934594 and 35568?
234
Calculate the greatest common divisor of 192347064 and 434.
434
Calculate the highest common divisor of 67485 and 8855.
55
Calculate the highest common divisor of 43793505 and 2240.
35
What is the highest common divisor of 442 and 17113356?
442
What is the greatest common divisor of 498150 and 824661?
81
Calculate the highest common factor of 811 and 3304.
1
What is the greatest common divisor of 24111 and 5060631?
2679
Calculate the greatest common divisor of 73049 and 30895430.
4297
What is the highest common divisor of 365424550 and 100?
50
What is the greatest common factor of 22453857 and 74?
37
What is the highest common factor of 2365 and 8342455?
55
What is the highest common divisor of 375316 and 1332796?
404
Calculate the highest common factor of 4615257230 and 10.
10
Calculate the highest common divisor of 28316 and 788.
4
What is the highest common factor of 19582605 and 3528?
441
What is the highest common divisor of 13341042 and 10224?
1278
Calculate the highest common divisor of 249717 and 92625.
741
Calculate the highest common divisor of 230184 and 634248.
1656
What is the greatest common factor of 34580 and 236881645?
8645
Calculate the greatest common factor of 492011 and 6617.
13
Calculate the highest common divisor of 4732983 and 261.
9
Calculate the greatest common divisor of 7262655 and 8075.
1615
What is the greatest common divisor of 18876 and 21351?
33
What is the highest common factor of 11835 and 241758279?
2367
Calculate the greatest common divisor of 298703181 and 2674.
1337
Calculate the greatest common divisor of 104 and 3234036.
52
Calculate the greatest common factor of 1277684 and 30972.
356
W